{"id":1079,"date":"2024-12-18T15:26:16","date_gmt":"2024-12-18T15:26:16","guid":{"rendered":"https:\/\/2025.lycee-nelson-mandela.fr\/?page_id=1079"},"modified":"2025-09-10T08:31:08","modified_gmt":"2025-09-10T08:31:08","slug":"mentorats","status":"publish","type":"page","link":"https:\/\/2025.lycee-nelson-mandela.fr\/?page_id=1079","title":{"rendered":"MENTORATS"},"content":{"rendered":"<div class=\"\" style=\"\" >\n    \n    <section class=\"u-clearfix u-section-2\" id=\"sec-1b4b\">\n      <div class=\"u-clearfix u-sheet u-valign-middle-xs u-sheet-1\">\n        <div class=\"u-expanded-width u-list u-list-1\">\n          <div class=\"u-repeater u-repeater-1\">\n            <div class=\"u-container-style u-list-item u-repeater-item\">\n              <div class=\"u-container-layout u-similar-container u-container-layout-1\">\n                <h1 class=\"u-align-center u-text u-text-default u-text-1\">P-TECH<\/h1>\n              <\/div>\n            <\/div>\n            <div class=\"u-container-style u-list-item u-repeater-item\">\n              <div class=\"u-container-layout u-similar-container u-container-layout-2\">\n                <h1 class=\"u-align-center u-text u-text-default u-text-2\">MAP<\/h1>\n              <\/div>\n            <\/div>\n          <\/div>\n        <\/div>\n      <\/div>\n    <\/section>\n    <section class=\"u-carousel u-slide u-block-a4ef-1\" id=\"carousel-1fcd\" data-interval=\"5000\" data-u-ride=\"carousel\">\n      <ol class=\"u-carousel-indicators u-block-a4ef-5\">\n        <li data-u-target=\"#carousel-1fcd\" class=\"u-active u-grey-30 u-shape-circle\" style=\"width: 16px; height: 16px;\" data-u-slide-to=\"0\"><\/li>\n        <li data-u-target=\"#carousel-1fcd\" class=\"u-grey-30 u-shape-circle\" style=\"width: 16px; height: 16px;\" data-u-slide-to=\"1\"><\/li>\n        <li data-u-target=\"#carousel-1fcd\" class=\"u-grey-30 u-shape-circle\" style=\"width: 16px; height: 16px;\" data-u-slide-to=\"2\"><\/li>\n        <li data-u-target=\"#carousel-1fcd\" class=\"u-grey-30 u-shape-circle\" style=\"width: 16px; height: 16px;\" data-u-slide-to=\"3\"><\/li>\n      <\/ol>\n      <div class=\"u-carousel-inner\" role=\"listbox\">\n        <div class=\"u-active u-carousel-item u-clearfix u-white u-section-3-1\">\n          <div class=\"u-clearfix u-sheet u-sheet-1\">\n            <div class=\"data-layout-selected u-clearfix u-expanded-width u-gutter-0 u-layout-spacing-all u-layout-wrap u-layout-wrap-1\">\n              <div class=\"u-layout\">\n                <div class=\"u-layout-row\">\n                  <div class=\"u-container-align-center-md u-container-align-center-sm u-container-style u-layout-cell u-size-26-lg u-size-26-xl u-size-60-md u-size-60-sm u-size-60-xs u-layout-cell-1\" data-animation-name=\"flipIn\" data-animation-duration=\"1500\" data-animation-delay=\"500\" data-animation-direction=\"X\">\n                    <div class=\"u-container-layout u-container-layout-1\">\n                      <h1 class=\"u-align-center-lg u-align-center-md u-align-center-sm u-align-center-xl u-align-left-xs u-text u-text-1\">LE PROGRAMME<br>P-TECH<br>\n                      <\/h1>\n                      <h4 class=\"u-align-center u-text u-text-2\">(<span style=\"font-size: 2.25rem;\"><span class=\"u-text-palette-2-base\">P<\/span><\/span>athways <span class=\"u-text-palette-2-base\">to<\/span><span class=\"u-text-palette-2-base\" style=\"font-size: 2.25rem;\">Tech<\/span>nology&nbsp;<br>ou Chemins vers la Technologie)\n                      <\/h4>\n                      <h2 class=\"u-align-center u-text u-text-palette-1-dark-1 u-text-3\">EN Plasturgie<\/h2>\n                      <p class=\"u-align-center u-text u-text-4\"> Un accompagnement renforc\u00e9 par des entreprises partenaires, pendant 5 ans <br>de la <a href=\"https:\/\/2025.lycee-nelson-mandela.fr\/?page_id=142\" class=\"u-btn u-button-link u-button-style u-text-palette-1-base u-btn-1\">2nde bac pro<\/a> au <a href=\"https:\/\/2025.lycee-nelson-mandela.fr\/?page_id=67\" class=\"u-btn u-button-link u-button-style u-text-palette-1-base u-btn-2\">Bac+2<\/a>\n                      <\/p>\n                    <\/div>\n                  <\/div>\n                  <div class=\"u-container-style u-layout-cell u-size-34-lg u-size-34-xl u-size-60-md u-size-60-sm u-size-60-xs u-layout-cell-2\">\n                    <div class=\"u-container-layout u-valign-bottom-sm u-container-layout-2\">\n                      <div class=\"u-palette-2-base u-preserve-proportions u-shape u-shape-circle u-shape-1\" data-animation-name=\"customAnimationIn\" data-animation-duration=\"1200\" data-animation-delay=\"500\"><\/div>\n                      <img decoding=\"async\" class=\"custom-expanded u-expanded-width-sm u-image u-image-default u-image-1\" src=\"https:\/\/2025.lycee-nelson-mandela.fr\/wp-content\/uploads\/2025\/01\/portrait-delighted-hipster-male-student-7-min.png\" alt=\"\" data-image-width=\"1000\" data-image-height=\"1132\" data-animation-name=\"customAnimationIn\" data-animation-duration=\"1500\" data-animation-delay=\"0\">\n                    <\/div>\n                  <\/div>\n                <\/div>\n              <\/div>\n            <\/div>\n          <\/div>\n        <\/div>\n        <div class=\"u-carousel-item u-clearfix u-white u-section-3-2\">\n          <div class=\"u-clearfix u-sheet u-sheet-1\">\n            <div class=\"custom-expanded data-layout-selected u-clearfix u-gutter-0 u-layout-spacing-all u-layout-wrap u-layout-wrap-1\">\n              <div class=\"u-layout\">\n                <div class=\"u-layout-row\">\n                  <div class=\"u-container-style u-layout-cell u-size-21-lg u-size-21-xl u-size-60-md u-size-60-sm u-size-60-xs u-layout-cell-1\">\n                    <div class=\"u-container-layout u-container-layout-1\">\n                      <div class=\"u-palette-1-base u-preserve-proportions u-shape u-shape-circle u-shape-1\" data-animation-name=\"customAnimationIn\" data-animation-duration=\"1200\" data-animation-delay=\"500\"><\/div>\n                      <img decoding=\"async\" class=\"custom-expanded u-image u-image-default u-image-1\" src=\"https:\/\/2025.lycee-nelson-mandela.fr\/wp-content\/uploads\/2025\/01\/girl-min.png\" alt=\"\" data-image-width=\"991\" data-image-height=\"1199\" data-animation-name=\"customAnimationIn\" data-animation-duration=\"1500\" data-animation-delay=\"0\">\n                    <\/div>\n                  <\/div>\n                  <div class=\"u-container-align-center-sm u-container-style u-layout-cell u-size-39-lg u-size-39-xl u-size-60-md u-size-60-sm u-size-60-xs u-white u-layout-cell-2\" data-animation-name=\"flipIn\" data-animation-duration=\"1500\" data-animation-delay=\"500\" data-animation-direction=\"X\">\n                    <div class=\"u-container-layout u-container-layout-2\">\n                      <h1 class=\"u-align-center u-text u-text-default u-text-1\"> LE MODELE P-TECH<\/h1>\n                      <p class=\"u-align-center-sm u-align-center-xs u-align-justify-lg u-align-justify-md u-align-justify-xl u-text u-text-2\"> &gt; Un <span style=\"font-weight: 700;\" class=\"u-text-palette-2-base\">partenariat fort<\/span> entre un lyc\u00e9e, une ou&nbsp;plusieurs entreprises-partenaires<br>\n                        <br>&gt; Une <span class=\"u-text-palette-2-base\" style=\"font-weight: 700;\">approche non s\u00e9lective<\/span> et tr\u00e8s&nbsp;fortement ax\u00e9e sur le soutien aux jeunes issus&nbsp;d\u2019un milieu d\u00e9favoris\u00e9<br>\n                        <br>&gt; Une<span style=\"font-weight: 700;\"><span class=\"u-text-palette-2-base\">possibilit\u00e9 d\u2019acc\u00e8s privil\u00e9gi\u00e9 \u00e0&nbsp;l\u2019emploi<\/span><\/span> au sein des entreprises partenaires\n                      <\/p>\n                    <\/div>\n                  <\/div>\n                <\/div>\n              <\/div>\n            <\/div>\n          <\/div>\n        <\/div>\n        <div class=\"u-carousel-item u-clearfix u-section-3-3\">\n          <div class=\"u-clearfix u-sheet u-sheet-1\">\n            <h1 class=\"u-text u-text-1\"> LES ATTENDUS<\/h1>\n            <h2 class=\"u-text u-text-2\"> Un impact positif sur les \u00e9l\u00e8ves et une action en coh\u00e9rence avec les enjeux de la transformation de la voie professionnelle :<\/h2>\n            <ul class=\"u-text u-text-3\">\n              <li>Renforcement de la motivation des \u00e9l\u00e8ves et de leur engagement dans leur formation, par une mise en relation fr\u00e9quente et concr\u00e8te avec des professionnels de leur sp\u00e9cialit\u00e9<\/li>\n              <li>Lutte contre l\u2019\u00e9chec scolaire par un accompagnement renforc\u00e9 des \u00e9l\u00e8ves<\/li>\n              <li>Int\u00e9gration naturelle dans les dispositifs p\u00e9dagogiques li\u00e9s \u00e0 la transformation de la voie professionnelle (exemple, le chef d\u2019oeuvre, l\u2019accompagnement personnalis\u00e9, la co-intervention)<\/li>\n              <li>Am\u00e9lioration des comp\u00e9tences orales, sociales et professionnelles des \u00e9l\u00e8ves<\/li>\n            <\/ul>\n          <\/div>\n        <\/div>\n        <div class=\"u-carousel-item u-clearfix u-section-3-4\">\n          <div class=\"u-clearfix u-sheet u-sheet-1\">\n            <h1 class=\"u-align-center u-text u-text-default-lg u-text-default-md u-text-default-sm u-text-default-xl u-text-1\"><span class=\"u-file-icon u-icon u-text-palette-1-base\"><img decoding=\"async\" src=\"data:image\/png;base64,iVBORw0KGgoAAAANSUhEUgAAAIAAAACACAYAAADDPmHLAAAAAXNSR0IArs4c6QAADfxJREFUeF7tXX1sW9UV\/53nxGkkUqR1KW0aO1UbtG5MsI1KwEQbYneDlrbAphUxAWIwPjYRpPi5dOWjdRnQlcaJRBErbDBE0SaYNqAthW61Q1s0QJRtoHVjoq0S56OlXSfRIDVx4ne269ip34sdfzwnfs+578\/ne88959zfO+d3P3wvoZhPIKC4BpZcqTA1sYJ5YKoD8Vww5gK4AEBFMZsrY1kjAD4D4TiYjoO4nzT0acT7e2oOvoNAQCuW7WRW0PxA5wztDJYx8Q0KYRUzas3KlPUze4AIpzTGLmJ6VZmJfV2B5kEz\/ioYAF+5\/52as9qQCiYfgBozSsi6BXtgAMTt1UpV8N9PXDlQiJS8AXDpXYcqT9V8fg9ADwGYXUijsk7RPXAS4EdrB87f\/uGzi4fzkZ4XABrU0HIGPQVgQT6NAIgCOAVA5Db5ZPeA4EoilTqzF9WVOEbge7uD3jdzrZczANxq+H4AmwEoWYQfBmOnxnQAjli\/xo7+\/uBVpwHiXJWS5YQHmOrUt2cpFKtDzFGnEC8FYTWAi7L4RxDE9ZGg54lc\/JgVAI0te6qizhm\/AnDLBAK7mLENDn69Z6v3aC4NyzKFecC1NrQQMbqOCC0A5k8gZYczOnjnkW0rhiZqaUIALPTvnT3ClTsZuCyDkNMMPFYVHXw6W0OFmStrZfKA+DCHnDN+SsCDAGalK0fA+xU0vPpo29UnM8nJCADRwLBzxv5MnU9Ah6MitunYlu98LrupdB5YsO7P58dGHBsZaM0EgsroYFOmDzQjANxq+MUMYf8sCLdF2jyvlM5s2bLRA25\/eA0YLwCoTuOdHZGg59YMABn\/OkH4tqSp0Avg+kjQ86HsAut5wK2GLwXwGoD6NNqtS0cMx0WAxFBvdxq236tpfHlvh7fPeqZLjZIeqG8NzVMUei8NCDQCrzQOEXUAGJ3kOfNJmnH+WQBL5JdvD6AlIsHBNOngWO3AzEWpk0U6ALjVUAtAT44zk3CjzPn26PyklglO8PJ4rfm+SNC7Lfl+DADxuf1Y9Ihxelew\/e6gR8z3y8dmHmhQw+1pRgcnqx3OxuTawRgA3P5QAEwbDTaerqiILZRDPZv1fEJdMUQcGXGIiTn9PAHxpkibNyCKxQEQX9IdYDFZoFvVY8DXE\/R02NN8qbXwgEsNtxLQbvDGgFJDs8VSchwAbl\/nShDvMhTqckYHF8kZPnsDKTGVL4i9ftqYaVWkvXl3HAAuNfwcAbenmsoMtafdY0SOvb0xTbV3+cI+IgR1\/Qs83xP03EEIBJSGL5aeMO7kYYUb5cJOeSBGLCCRRoLgjz1iZ1H3eQfmkEsNLSXQfoOphyNBz9fLw3xpRTzNq+F\/GJeSGdxEDb7ww0x4ROcmxuZIu+cB6bry8YDbF34chPW6KMDYQG5\/eDsYd6f+oGm0vLej+S27m1\/f+pdqxXH2ZnDWTRTpTSUc1mLVL\/V2fFvMhNr6qW\/tvEZRWL9TiPAMudXOnQCv0gGAtEt625Z9bGuLAaSNbnkaRYwN3e2en+dZzXLF6\/37LlZY+UivGO0SEeADMBan\/jACqu0PNv\/HclbkqVCDP\/wmM67Js5quOBHe6m7zLDcjwwp169TOL1eAxb7Mcw\/hELnVsFjinZfyOhoJNs8ohz18bjUs0tjVJjtgbyToMQUik+0XqTqLaC\/+Q5C60bRPAEBsI079x05fJOhJt55cJEWmTowEgN7XaT72EQEA427d7kjQM9Fmw6nrQZMtSQCMA0CXoEa6LCABkBVlZZIC4nMBEgBZu3t8AQmAApxmiSoyBcgUIEcBKRiQKaCwuCRTQGF+K30tmQJkCpApQKYAOROYxIDkAIVlJckBCvNb6WtJDiA5gOQAkgNIDiA5gLlsJDmAOf+VrrbkAJIDSA4gOYDkAJIDmMtCkgOY81\/paksOIDmA5ACSA0gOIDmAuSwkOYA5\/5WutuQAkgNIDiA5gOQAkgOYy0KSA5jzX+lqSw4gOYDkAJIDSA4gOYC5LCQ5gDn\/la625ACSA0gOIDmA5ACSA5jLQpIDmPNf6WpLDiA5gOQAkgNIDmAbDtDgD18LxgpmejfS3vyS2eRhpRTg9nXeTMRXgLCnu83zhlnbCqlv6T+HJi6tOAZgbsK4l6sdzjsLvRZdyLACABJX8Yird29M2HVcqaEF4rKGQjrRTB1rA2Bt5xxN4+N6A\/lTRVHWdG1t\/nshhpcaAPPXdn5D07RXALowVX9FobldW5tPFGKTmTo2BEDc3CFmbu1p9\/4yX+NLCQCXL\/QTIhLX7VQZ9ZYASNOT89NGAF3BVxK3YZ\/JFQilAEBjy56ZidvW12TSUwKgMACIWkeIHWu625v+lgsIphoADb7932SKiTuVGyfSTwKgcACMpoTR28yezgaCqQSASw2Lq9zFHUvjQr5MAdl6SlxplT0F6KUQ\/d45dPbHR7atyJgSpgIA8ZBfVf1rMP8gBzPjRWQEMBcBUmsfJYXXdG\/1\/jWd8ycbAA1rQ99ijUTIX5hr50sAZPBU3hHgnJwhIvZ3t3mfMoqeTAA0+EP3MlNbLiFfpoAcPg8TABiVTvhDhSN2R+o1t5MBgPh1rDHHc2B8Pwez0haRKaB4KcAoScwkrklec19sACSuZRchf0GhnS9TQPFTgFFiFGC\/uCK9mABwq6EWIB7yU69cKQgHMgJMXgQYk8zAHwk0F+ArCuqlsUr0LoOPE\/A9c3LO1ZYAmAIAFKuzJkOOBIAEgFwMMmLA9ChgMj7VSZIpI4CMADICyAgg9wPoMJDYEdQH4EuTFHmtIva\/Sg3NkzuC0nSHyx\/6ETGJ7VMOq\/RWkfWIMfGdPW3e3xRZbk7iLL0jKGmBa+2+JaQpvzPcZ5yTgRYv1MeKdlPP1mUHS6WnLQAgnDOn5UCt0zmyowgXP5fK18Z290ajFbec2LZUf3v3FGtnGwCM+oXJpXauJ+ARG6eEGAMbeoLNm61wG7vNADAKA5caWkogkRLqpviDMdtcP4Nv6gl6D5gVVKz6tgSATVOCJUK+ETi2BYCNUoKlQn6ZAcDyKcFyIb8sAWDRlGDJkF+2ALBQSrB0yC9zAJQ8JVg+5E8LAIylhMqRl0D4brGGTBPKYfwpOlxxc6kndvK11eajgGzmMrl8bz9AxJsmceIoxkwbe9qvetwKEzvZPDJtIkCqoZM4cWS7kD8tATApKcGmIX\/aAmBslGA+Jdg65E9zAJgeJdg+5OcKgGEAFSmF+yJBT32+BMPK5ePLy\/mMEsok5KcBQK9hn8UIudWw8eVwJNhcZUeWOzEIcxollFXI1\/uDya12DgGoTP3Yye0PfwDG4tTC0WjFbLuNcXONQPWt4SZFwW\/TLC\/3axp+2Nvh2Z+rLDuVS2yyOanTmXBIoGInwKtSf9BIu6S3bdnHdjIwH13HpYQyDfmpPqn377tYYeUjvZ9ol4gA28G4O\/UHYlzb3e7Zk49TbVc2EFDcXyy5VugdOe\/gGwgENNvZkIfCDb7wCiboD6gkPEMNvvDDTPFtV+ce5i2Rdu\/P8pAvi1rcA25f6BcgWmf40DdQYuZMn\/eI\/xVp837N4jZJ9fLwgNsf+ieYvqr7zsFNhEBAafhi6Qlm1Op4gEYX9nY0H8mjDVnUoh6ob+1sVBT+VPf1E051n3dgDomXLjX8HAG36wqA\/N3B5qBFbZJq5eGBBrVTZbA43GLsYeD5nqDnjjgA3L7OlSDeZZDZ5YwOLjqybYUYO8rHph5obNlTFXXO+EScxKczgWlVpL15dxwAif\/liTFijQEl4kBGcd6tfGzqAZcabk0cYJlqwYBSQ7PF\/xPjAIhHAX8oAKaNBjtPV1TEFqaevGVTP0xLteMnmo04jgKYpXMA8aZImzcg3o0BIHGuvSB9s1MLE9DRHfT4pqUHbW50gxpuZ6DVYMbJaoezMXkPwxgA4lFg9CSsJ8fZTbgx0uYRx6PJxyYecPvDa8B4eby6fJ84QS35XgeAS+86VHmq5owgDMZz8M4CWJI8f88mPpi2aibOMxT\/Qq42OOFY7cDMRR8+u1isAMcfHQDEiwY1tJxBu8WZxobKvZrGl\/d2eMUhDvKxqAfqW0PzFIXeA2Bc0tcIvLI76H3TkOLHW+JWw\/f\/Hz1b0tgolo6vl5HAmr2f+PJfS9P5QuF1kaDnCaPm4yJAsoBbDb8I4JY0pp4F4TbJCawFgkTOfyFN2BeK7ogEPbem0zgjAMQEwrBzxn4GLstQscNREdskh4ilBYIY6sVGHBvTsP1kjn+\/MjrYlGlCLyMARO2F\/r2zR7hyZyYQADjNwGNV0cGn5Yzh1AJBfKBDzhnilpIHx43zzxG89ytoePXRtqv1G0FSVJ0QAKJcYipRHNyULh0kRXUxYxsc\/HrPVq+YeJDPJHnAtTa0EDG6jggt46Z39W3uSFyyNeFUflYApHACQQw3pxkdGE09DMZOjekAHLF+jR39\/cGrTpffHsNJ6uExsUx16tuzFIrVIeaoU4iXgrAawEVZWhYbW9anI3x5cYB0hRNDRHEzR77n5UcBiAOSRibbbWUiX+zSFsvz+R5Nf4zA9xqHehP5JOcIkBQyOln0+T0APWScNi4T59vRjJMAP1o7cP721EmeXAzJGwBJofG1A21IBZNYJ9CtIubSsCxTFA8MgLi9WqkKFnrHcsEASKofX0o+g2VMfINCWGXcWVQUM6WQMQ8Q4ZTG2EVMryozsc\/skbOmAaDrm0BAcQ0suVJhamIF88BUB+K54PiN4BcY\/oEkuzWzBwRX+gyE42A6DuJ+0tCnEe\/vqTn4TjF3MP8PdxswO4PoyrgAAAAASUVORK5CYII=\" alt=\"\"><\/span>&nbsp; &nbsp;<a href=\"https:\/\/2025.lycee-nelson-mandela.fr\/wp-content\/uploads\/2025\/01\/FlyersProjetPTECHPlasturgie070721.pdf\" class=\"u-btn u-button-link u-button-style u-file-link u-text-palette-1-base u-btn-1\">Pour en savoir plus sur le fonctionnement du programme P-TECH<\/a>\n            <\/h1>\n          <\/div>\n        <\/div>\n      <\/div>\n      <a class=\"u-absolute-vcenter-lg u-absolute-vcenter-md u-absolute-vcenter-sm u-absolute-vcenter-xl u-carousel-control u-carousel-control-prev u-hover-white u-icon-rounded u-radius u-text-grey-30 u-white u-block-a4ef-3\" href=\"#carousel-1fcd\" role=\"button\" data-u-slide=\"prev\"><span aria-hidden=\"true\">\n          <svg class=\"u-svg-link\" viewBox=\"0 0 477.175 477.175\"><path d=\"M145.188,238.575l215.5-215.5c5.3-5.3,5.3-13.8,0-19.1s-13.8-5.3-19.1,0l-225.1,225.1c-5.3,5.3-5.3,13.8,0,19.1l225.1,225\n                    c2.6,2.6,6.1,4,9.5,4s6.9-1.3,9.5-4c5.3-5.3,5.3-13.8,0-19.1L145.188,238.575z\"><\/path><\/svg><\/span><span class=\"sr-only\">Previous<\/span>\n      <\/a>\n      <a class=\"u-absolute-vcenter-lg u-absolute-vcenter-md u-absolute-vcenter-sm u-absolute-vcenter-xl u-carousel-control u-carousel-control-next u-hover-white u-icon-rounded u-radius u-text-grey-30 u-white u-block-a4ef-4\" href=\"#carousel-1fcd\" role=\"button\" data-u-slide=\"next\"><span aria-hidden=\"true\">\n          <svg class=\"u-svg-link\" viewBox=\"0 0 477.175 477.175\"><path d=\"M360.731,229.075l-225.1-225.1c-5.3-5.3-13.8-5.3-19.1,0s-5.3,13.8,0,19.1l215.5,215.5l-215.5,215.5\n                    c-5.3,5.3-5.3,13.8,0,19.1c2.6,2.6,6.1,4,9.5,4c3.4,0,6.9-1.3,9.5-4l225.1-225.1C365.931,242.875,365.931,234.275,360.731,229.075z\"><\/path><\/svg><\/span><span class=\"sr-only\">Suivant<\/span>\n      <\/a>\n    <\/section>\n    <section class=\"u-clearfix u-section-4\" id=\"sec-99a4\">\n      <div class=\"u-clearfix u-sheet u-valign-middle-lg u-valign-middle-md u-valign-middle-sm u-valign-middle-xl u-sheet-1\">\n        <h1 class=\"u-align-center u-text u-text-default u-text-1\">Les mentorats au Lyc\u00e9e<\/h1>\n      <\/div>\n    <\/section>\n    \n    \n    \n    \n  \n<\/div>","protected":false},"excerpt":{"rendered":"<p>P-TECH MAP LE PROGRAMMEP-TECH (Pathways toTechnology&nbsp;ou Chemins vers la Technologie) EN Plasturgie Un accompagnement renforc\u00e9 par des entreprises partenaires, pendant 5 ans de la 2nde bac pro au Bac+2 LE MODELE P-TECH &gt; Un partenariat fort entre un lyc\u00e9e, une ou&nbsp;plusieurs entreprises-partenaires &gt; Une approche non s\u00e9lective et tr\u00e8s&nbsp;fortement ax\u00e9e sur le soutien aux jeunes &#8230; <a title=\"MENTORATS\" class=\"read-more\" href=\"https:\/\/2025.lycee-nelson-mandela.fr\/?page_id=1079\" aria-label=\"En savoir plus sur MENTORATS\">Lire la suite<\/a><\/p>\n","protected":false},"author":1,"featured_media":0,"parent":0,"menu_order":0,"comment_status":"closed","ping_status":"closed","template":"","meta":{"_uag_custom_page_level_css":"","footnotes":""},"class_list":["post-1079","page","type-page","status-publish"],"uagb_featured_image_src":{"full":false,"thumbnail":false,"medium":false,"medium_large":false,"large":false,"1536x1536":false,"2048x2048":false},"uagb_author_info":{"display_name":"2025Ly_Admin","author_link":"https:\/\/2025.lycee-nelson-mandela.fr\/?author=1"},"uagb_comment_info":0,"uagb_excerpt":"P-TECH MAP LE PROGRAMMEP-TECH (Pathways toTechnology&nbsp;ou Chemins vers la Technologie) EN Plasturgie Un accompagnement renforc\u00e9 par des entreprises partenaires, pendant 5 ans de la 2nde bac pro au Bac+2 LE MODELE P-TECH &gt; Un partenariat fort entre un lyc\u00e9e, une ou&nbsp;plusieurs entreprises-partenaires &gt; Une approche non s\u00e9lective et tr\u00e8s&nbsp;fortement ax\u00e9e sur le soutien aux jeunes\u2026","jetpack_sharing_enabled":true,"_links":{"self":[{"href":"https:\/\/2025.lycee-nelson-mandela.fr\/index.php?rest_route=\/wp\/v2\/pages\/1079","targetHints":{"allow":["GET"]}}],"collection":[{"href":"https:\/\/2025.lycee-nelson-mandela.fr\/index.php?rest_route=\/wp\/v2\/pages"}],"about":[{"href":"https:\/\/2025.lycee-nelson-mandela.fr\/index.php?rest_route=\/wp\/v2\/types\/page"}],"author":[{"embeddable":true,"href":"https:\/\/2025.lycee-nelson-mandela.fr\/index.php?rest_route=\/wp\/v2\/users\/1"}],"replies":[{"embeddable":true,"href":"https:\/\/2025.lycee-nelson-mandela.fr\/index.php?rest_route=%2Fwp%2Fv2%2Fcomments&post=1079"}],"version-history":[{"count":15,"href":"https:\/\/2025.lycee-nelson-mandela.fr\/index.php?rest_route=\/wp\/v2\/pages\/1079\/revisions"}],"predecessor-version":[{"id":1897,"href":"https:\/\/2025.lycee-nelson-mandela.fr\/index.php?rest_route=\/wp\/v2\/pages\/1079\/revisions\/1897"}],"wp:attachment":[{"href":"https:\/\/2025.lycee-nelson-mandela.fr\/index.php?rest_route=%2Fwp%2Fv2%2Fmedia&parent=1079"}],"curies":[{"name":"wp","href":"https:\/\/api.w.org\/{rel}","templated":true}]}}