{"id":142,"date":"2024-11-14T10:34:19","date_gmt":"2024-11-14T10:34:19","guid":{"rendered":"https:\/\/2025.lycee-nelson-mandela.fr\/?page_id=142"},"modified":"2026-02-27T11:38:24","modified_gmt":"2026-02-27T11:38:24","slug":"bac-pro-plasturgie","status":"publish","type":"page","link":"https:\/\/2025.lycee-nelson-mandela.fr\/?page_id=142","title":{"rendered":"BAC PRO PLASTURGIE"},"content":{"rendered":"<div class=\"\" style=\"\" >\n    \n    <section class=\"u-align-left u-clearfix u-custom-color-28 u-section-2\" src=\"\" data-image-width=\"1080\" data-image-height=\"1080\" id=\"block-2\">\n      <div class=\"u-clearfix u-sheet u-valign-middle u-sheet-1\">\n        <div class=\"custom-expanded u-align-left-lg u-align-left-md u-align-left-sm u-align-left-xl u-container-style u-group u-shading u-group-1\">\n          <div class=\"u-container-layout u-valign-middle-lg u-valign-middle-md u-valign-middle-sm u-container-layout-1\">\n            <h2 class=\"u-align-center-lg u-align-center-md u-align-center-sm u-align-center-xl u-align-left-xs u-text u-text-default u-text-1\">BAC PROFESSIONNEL<\/h2>\n            <p class=\"u-align-center u-large-text u-text u-text-variant u-text-2\"> PLASTURGIE<\/p>\n            <img decoding=\"async\" class=\"u-image u-image-contain u-image-default u-preserve-proportions u-image-1\" src=\"https:\/\/2025.lycee-nelson-mandela.fr\/wp-content\/uploads\/2024\/11\/Logo_plasturgie-11-1.webp\" alt=\"\" data-image-width=\"91\" data-image-height=\"119\">\n            <blockquote class=\"u-align-center u-text u-text-3\"> PLASTIQUES <br>&amp; <br>COMPOSITES\n            <\/blockquote>\n          <\/div>\n        <\/div>\n      <\/div>\n    <\/section>\n    <section class=\"u-align-center u-clearfix u-container-align-center u-section-3\" id=\"block-3\">\n      <div class=\"u-clearfix u-sheet u-valign-middle-lg u-valign-middle-md u-valign-middle-sm u-sheet-1\">\n        <div class=\"u-expanded-width u-layout-grid u-list u-list-1\">\n          <div class=\"u-repeater u-repeater-1\">\n            <div class=\"u-align-left-xs u-container-style u-list-item u-repeater-item u-video-cover u-white u-list-item-1\">\n              <div class=\"u-container-layout u-similar-container u-valign-bottom-xs u-valign-top-lg u-valign-top-md u-valign-top-sm u-valign-top-xl u-container-layout-1\">\n                <h4 class=\"u-align-center-lg u-align-center-xl u-align-left-md u-align-left-sm u-text u-text-custom-color-28 u-text-1\"> Vous recherchez un m\u00e9tier :<\/h4>\n                <p class=\"u-align-left-lg u-align-left-md u-align-left-sm u-align-left-xl u-text u-text-default u-text-2\"> concret et technique, tr\u00e8s recherch\u00e9 par les industriels, au c\u0153ur de la production. Vous travaillez sur des lignes de fabrication automatis\u00e9es dans les principaux domaines de la plasturgie<br>\n                <\/p>\n              <\/div>\n            <\/div>\n            <div class=\"u-align-left-xs u-container-style u-list-item u-repeater-item u-video-cover u-white u-list-item-2\">\n              <div class=\"u-container-layout u-similar-container u-valign-bottom-xs u-valign-top-lg u-valign-top-md u-valign-top-sm u-valign-top-xl u-container-layout-2\">\n                <h4 class=\"u-align-center-lg u-align-center-xl u-align-left-md u-align-left-sm u-text u-text-custom-color-28 u-text-3\"> Vous devenez :<\/h4>\n                <p class=\"u-align-left-lg u-align-left-md u-align-left-sm u-align-left-xl u-text u-text-default u-text-4\"> \u2022\top\u00e9rateur(trice) qualifi\u00e9(e) en plasturgie <br>\u2022\tmonteur(se) \u2013 r\u00e9gleur(se) <br>\u2022\tconducteur(trice) de ligne de production&nbsp;<br>\n                <\/p>\n              <\/div>\n            <\/div>\n            <div class=\"u-align-left-xs u-container-style u-list-item u-repeater-item u-white u-list-item-3\">\n              <div class=\"u-container-layout u-similar-container u-valign-bottom-xs u-valign-top-lg u-valign-top-md u-valign-top-sm u-valign-top-xl u-container-layout-3\">\n                <h4 class=\"u-align-center-lg u-align-center-xl u-align-left-md u-align-left-sm u-text u-text-custom-color-28 u-text-5\"> Formation ouverte : <\/h4>\n                <p class=\"u-align-left-lg u-align-left-md u-align-left-sm u-align-left-xl u-text u-text-default u-text-6\"> \u2022\taux \u00e9l\u00e8ves de 3\u00e8me de coll\u00e8ge, aux \u00e9l\u00e8ves en classe de 2nde de lyc\u00e9e g\u00e9n\u00e9ral et technologique (passerelle en classe de 1\u00e8re professionnelle)<\/p>\n              <\/div>\n            <\/div>\n            <div class=\"u-align-left-xs u-container-style u-list-item u-repeater-item u-video-cover u-white u-list-item-4\">\n              <div class=\"u-container-layout u-similar-container u-valign-bottom-xs u-valign-top-lg u-valign-top-md u-valign-top-sm u-valign-top-xl u-container-layout-4\">\n                <h4 class=\"u-align-center-lg u-align-center-xl u-align-left-md u-align-left-sm u-text u-text-custom-color-28 u-text-7\">Les +<\/h4>\n                <p class=\"u-align-left-lg u-align-left-md u-align-left-sm u-align-left-xl u-text u-text-default u-text-8\"> \u2022\tatelier de plasturgie r\u00e9nov\u00e9, conforme aux attentes industrielles <br>\u2022\td\u00e9couverte des 4 technologies majeures : <br> - injection <br> - extrusion <br> - thermoformage <br> - composites <br>\u2022\tlaboratoire d\u2019analyse des mat\u00e9riaux <br>\u2022\toption : valorisation des mati\u00e8res plastiques <br>\u2022\tint\u00e9gration au dispositif national mentorat entreprises (P-TECH) <br>\u2022\t20 semaines de stage en entreprise <br>\u2022\tapprentissage possible d\u00e8s la 1\u00e8re\n                <\/p>\n              <\/div>\n            <\/div>\n            <div class=\"u-align-left-xs u-container-style u-list-item u-repeater-item u-video-cover u-white u-list-item-5\">\n              <div class=\"u-container-layout u-similar-container u-valign-bottom-xs u-valign-top-lg u-valign-top-md u-valign-top-sm u-valign-top-xl u-container-layout-5\">\n                <h4 class=\"u-align-center-lg u-align-center-xl u-align-left-md u-align-left-sm u-text u-text-custom-color-28 u-text-9\"> Poursuite :<\/h4>\n                <p class=\"u-align-left-lg u-align-left-md u-align-left-sm u-align-left-xl u-text u-text-default u-text-10\"> \u2022\tBTS Europlastics et composites <br>\u2022\tLicence Professionnelle Eco 3P <br>\u2022\tEcole d'ing\u00e9nieurs\n                <\/p>\n              <\/div>\n            <\/div>\n            <div class=\"u-align-left-xs u-container-style u-list-item u-repeater-item u-video-cover u-white u-list-item-6\">\n              <div class=\"u-container-layout u-similar-container u-valign-bottom-xs u-valign-top-lg u-valign-top-md u-valign-top-sm u-valign-top-xl u-container-layout-6\">\n                <h4 class=\"u-align-center-lg u-align-center-xl u-align-left-md u-align-left-sm u-text u-text-custom-color-28 u-text-11\">&nbsp; &nbsp; &nbsp; &nbsp;<\/h4>\n                <p class=\"u-align-left-lg u-align-left-md u-align-left-sm u-align-left-xl u-text u-text-default u-text-12\">&nbsp;<\/p>\n              <\/div>\n            <\/div>\n          <\/div>\n        <\/div>\n      <\/div>\n    <\/section>\n    \n    \n    \n    \n    \n  \n<\/div>","protected":false},"excerpt":{"rendered":"<p>BAC PROFESSIONNEL PLASTURGIE PLASTIQUES &amp; COMPOSITES Vous recherchez un m\u00e9tier : concret et technique, tr\u00e8s recherch\u00e9 par les industriels, au c\u0153ur de la production. Vous travaillez sur des lignes de fabrication automatis\u00e9es dans les principaux domaines de la plasturgie Vous devenez : \u2022 op\u00e9rateur(trice) qualifi\u00e9(e) en plasturgie \u2022 monteur(se) \u2013 r\u00e9gleur(se) \u2022 conducteur(trice) de ligne &#8230; <a title=\"BAC PRO PLASTURGIE\" class=\"read-more\" href=\"https:\/\/2025.lycee-nelson-mandela.fr\/?page_id=142\" aria-label=\"En savoir plus sur BAC PRO PLASTURGIE\">Lire la suite<\/a><\/p>\n","protected":false},"author":1,"featured_media":0,"parent":913,"menu_order":0,"comment_status":"closed","ping_status":"closed","template":"","meta":{"_uag_custom_page_level_css":"","footnotes":""},"class_list":["post-142","page","type-page","status-publish"],"uagb_featured_image_src":{"full":false,"thumbnail":false,"medium":false,"medium_large":false,"large":false,"1536x1536":false,"2048x2048":false},"uagb_author_info":{"display_name":"2025Ly_Admin","author_link":"https:\/\/2025.lycee-nelson-mandela.fr\/?author=1"},"uagb_comment_info":0,"uagb_excerpt":"BAC PROFESSIONNEL PLASTURGIE PLASTIQUES &amp; COMPOSITES Vous recherchez un m\u00e9tier : concret et technique, tr\u00e8s recherch\u00e9 par les industriels, au c\u0153ur de la production. Vous travaillez sur des lignes de fabrication automatis\u00e9es dans les principaux domaines de la plasturgie Vous devenez : \u2022 op\u00e9rateur(trice) qualifi\u00e9(e) en plasturgie \u2022 monteur(se) \u2013 r\u00e9gleur(se) \u2022 conducteur(trice) de ligne\u2026","jetpack_sharing_enabled":true,"_links":{"self":[{"href":"https:\/\/2025.lycee-nelson-mandela.fr\/index.php?rest_route=\/wp\/v2\/pages\/142","targetHints":{"allow":["GET"]}}],"collection":[{"href":"https:\/\/2025.lycee-nelson-mandela.fr\/index.php?rest_route=\/wp\/v2\/pages"}],"about":[{"href":"https:\/\/2025.lycee-nelson-mandela.fr\/index.php?rest_route=\/wp\/v2\/types\/page"}],"author":[{"embeddable":true,"href":"https:\/\/2025.lycee-nelson-mandela.fr\/index.php?rest_route=\/wp\/v2\/users\/1"}],"replies":[{"embeddable":true,"href":"https:\/\/2025.lycee-nelson-mandela.fr\/index.php?rest_route=%2Fwp%2Fv2%2Fcomments&post=142"}],"version-history":[{"count":8,"href":"https:\/\/2025.lycee-nelson-mandela.fr\/index.php?rest_route=\/wp\/v2\/pages\/142\/revisions"}],"predecessor-version":[{"id":2298,"href":"https:\/\/2025.lycee-nelson-mandela.fr\/index.php?rest_route=\/wp\/v2\/pages\/142\/revisions\/2298"}],"up":[{"embeddable":true,"href":"https:\/\/2025.lycee-nelson-mandela.fr\/index.php?rest_route=\/wp\/v2\/pages\/913"}],"wp:attachment":[{"href":"https:\/\/2025.lycee-nelson-mandela.fr\/index.php?rest_route=%2Fwp%2Fv2%2Fmedia&parent=142"}],"curies":[{"name":"wp","href":"https:\/\/api.w.org\/{rel}","templated":true}]}}