{"id":583,"date":"2024-11-15T13:01:31","date_gmt":"2024-11-15T13:01:31","guid":{"rendered":"https:\/\/2025.lycee-nelson-mandela.fr\/?page_id=583"},"modified":"2025-10-06T15:09:30","modified_gmt":"2025-10-06T15:09:30","slug":"restauration-application","status":"publish","type":"page","link":"https:\/\/2025.lycee-nelson-mandela.fr\/?page_id=583","title":{"rendered":"Restauration application"},"content":{"rendered":"<div class=\"\" style=\"\" >\n    \n    <section class=\"u-clearfix u-section-2\" id=\"sec-6207\">\n      <div class=\"u-clearfix u-sheet u-sheet-1\">\n        <p class=\"u-custom-font u-font-lato u-text u-text-default u-text-1\">Restaurant d'application LOUIS GARNIER <\/p>\n        <img decoding=\"async\" class=\"u-image u-image-default u-image-1\" src=\"https:\/\/2025.lycee-nelson-mandela.fr\/wp-content\/uploads\/2024\/11\/restaurantdapplicationlouisgarnier.webp\" alt=\"\" data-image-width=\"1024\" data-image-height=\"407\">\n        <p class=\"u-custom-font u-font-lato u-text u-text-grey-40 u-text-2\">20 d\u00e9cembre 2023 \/ Actualit\u00e9s, HOTELLERIE<\/p>\n        <p class=\"u-custom-font u-font-lato u-text u-text-3\">\u00ab&nbsp;Le restaurant d\u2019application Louis Garnier a commenc\u00e9 sa nouvelle saison en ce mois de septembre 2025 ! Les \u00e9l\u00e8ves ont \u00e0 c\u0153ur de travailler des ingr\u00e9dients frais s\u00e9lectionn\u00e9s aupr\u00e8s de fournisseurs rigoureux sur la qualit\u00e9 des produits&nbsp;: poissonnier, boucher en direct de l\u2019abattoir, primeurs, fromager, boulanger, etc. <\/p>\n        <a href=\"http:\/\/resto.lycee-nelson-mandela.fr\/\" class=\"u-align-center u-border-none u-btn u-button-style u-palette-2-base u-btn-1\" target=\"_blank\">R\u00e9servations AU&nbsp;<br>resTaurant d'application\n        <\/a>\n        <div class=\"u-border-3 u-border-grey-dark-1 u-line u-line-horizontal u-line-1\"><\/div>\n        <p class=\"u-custom-font u-font-lato u-text u-text-4\"><span style=\"font-weight: 700;\"> Les circuits courts<\/span>&nbsp;sont \u00e9galement l\u2019une des pr\u00e9occupations, notamment pour les truites achet\u00e9es directement aupr\u00e8s d\u2019une pisciculture locale.<br>\n          <br><span style=\"font-weight: 700;\">La carte des vins<\/span>&nbsp;fait appel \u00e0 plusieurs producteurs en direct&nbsp;:<br>\n          <br>Fruiti\u00e8re d\u2019Arbois, Ch\u00e2teau L\u2019Etoile, Lyc\u00e9e viticole de Beaune, Domaine Klein-Brand en Alsace, Domaine Leli\u00e8vre en Lorraine.<br>\n          <br>Chaque ann\u00e9e, fin octobre, nous rencontrons les propri\u00e9taires du Saint-Emilion Ch\u00e2teau Mangot Grand cru, de la maison familiale du&nbsp;<br>Champagne Edwige Fran\u00e7ois au salon des vins de Besan\u00e7on. Les vins de ces maisons sont \u00e0 la carte tout au long de l\u2019ann\u00e9e.<br>\n          <br>Quant aux r\u00e9f\u00e9rences propos\u00e9es \u00e0 la d\u00e9gustation de mani\u00e8re ponctuelle, nous collaborons \u00e9troitement avec deux cavistes&nbsp;: \u00ab&nbsp;Les Caves Maurin&nbsp;\u00bb \u00e0 Belfort et \u00ab&nbsp;Passion des vins&nbsp;\u00bb \u00e0 Audincourt.<br>\n          <br>Les \u00e9l\u00e8ves en cuisine s\u2019appliquent \u00e0 vous proposer un r\u00e9pertoire vari\u00e9 de mets&nbsp;aux saveurs d\u00e9licates, valoris\u00e9s par leurs camarades en service, veillant \u00e0 cr\u00e9er des harmonies mets et boissons avec une attention particuli\u00e8re pour le bien-\u00eatre de la client\u00e8le.<br>\n          <br>Cocktails dignes de barman, boissons chaudes inspir\u00e9es des m\u00e9tiers de barista motivent les \u00e9l\u00e8ves \u00e0 acqu\u00e9rir des comp\u00e9tences professionnelles avec altruisme&nbsp;!<br>\n          <br>D\u00e9velopper le bien-\u00eatre du personnel dans l\u2019h\u00f4tellerie-restauration, la satisfaction de la client\u00e8le, le savoir apprendre demeure le leitmotiv de toute une \u00e9quipe p\u00e9dagogique avec bienveillance et exigence&nbsp;!<br><span style=\"font-weight: 700;\">\n            <br>Les \u00e9l\u00e8ves auront le plaisir de vous accueillir&nbsp;!&nbsp;\u00bb<\/span>\n        <\/p>\n        <div class=\"u-align-center u-social-icons u-social-icons-1\">\n          <a class=\"u-social-url\" title=\"facebook\" target=\"_blank\" href=\"https:\/\/www.facebook.com\/lyceeMandela\/?locale=fr_FR\"><span class=\"u-icon u-social-facebook u-social-icon u-text-palette-5-dark-3\"><svg class=\"u-svg-link\" preserveAspectRatio=\"xMidYMin slice\" viewBox=\"0 0 112 112\" style=\"\"><use xlink:href=\"#svg-10f3\"><\/use><\/svg><svg class=\"u-svg-content\" viewBox=\"0 0 112 112\" x=\"0\" y=\"0\" id=\"svg-10f3\"><circle fill=\"currentColor\" cx=\"56.1\" cy=\"56.1\" r=\"55\"><\/circle><path fill=\"#FFFFFF\" d=\"M73.5,31.6h-9.1c-1.4,0-3.6,0.8-3.6,3.9v8.5h12.6L72,58.3H60.8v40.8H43.9V58.3h-8V43.9h8v-9.2\n      c0-6.7,3.1-17,17-17h12.5v13.9H73.5z\"><\/path><\/svg><\/span>\n          <\/a>\n          <a class=\"u-social-url\" title=\"instagram\" target=\"_blank\" href=\"https:\/\/www.instagram.com\/lycee.nelson.mandela\/\"><span class=\"u-icon u-social-icon u-social-instagram u-text-palette-5-dark-3\"><svg class=\"u-svg-link\" preserveAspectRatio=\"xMidYMin slice\" viewBox=\"0 0 112 112\" style=\"\"><use xlink:href=\"#svg-45eb\"><\/use><\/svg><svg class=\"u-svg-content\" viewBox=\"0 0 112 112\" x=\"0\" y=\"0\" id=\"svg-45eb\"><circle fill=\"currentColor\" cx=\"56.1\" cy=\"56.1\" r=\"55\"><\/circle><path fill=\"#FFFFFF\" d=\"M55.9,38.2c-9.9,0-17.9,8-17.9,17.9C38,66,46,74,55.9,74c9.9,0,17.9-8,17.9-17.9C73.8,46.2,65.8,38.2,55.9,38.2\n      z M55.9,66.4c-5.7,0-10.3-4.6-10.3-10.3c-0.1-5.7,4.6-10.3,10.3-10.3c5.7,0,10.3,4.6,10.3,10.3C66.2,61.8,61.6,66.4,55.9,66.4z\"><\/path><path fill=\"#FFFFFF\" d=\"M74.3,33.5c-2.3,0-4.2,1.9-4.2,4.2s1.9,4.2,4.2,4.2s4.2-1.9,4.2-4.2S76.6,33.5,74.3,33.5z\"><\/path><path fill=\"#FFFFFF\" d=\"M73.1,21.3H38.6c-9.7,0-17.5,7.9-17.5,17.5v34.5c0,9.7,7.9,17.6,17.5,17.6h34.5c9.7,0,17.5-7.9,17.5-17.5V38.8\n      C90.6,29.1,82.7,21.3,73.1,21.3z M83,73.3c0,5.5-4.5,9.9-9.9,9.9H38.6c-5.5,0-9.9-4.5-9.9-9.9V38.8c0-5.5,4.5-9.9,9.9-9.9h34.5\n      c5.5,0,9.9,4.5,9.9,9.9V73.3z\"><\/path><\/svg><\/span>\n          <\/a>\n          <a class=\"u-social-url\" target=\"_blank\" data-type=\"YouTube\" title=\"YouTube\" href=\"https:\/\/www.youtube.com\/@lyceenelsonmandeladiaporam4079\/videos\"><span class=\"u-icon u-social-icon u-social-youtube u-text-palette-5-dark-3 u-icon-3\"><svg class=\"u-svg-link\" preserveAspectRatio=\"xMidYMin slice\" viewBox=\"0 0 112 112\" style=\"\"><use xlink:href=\"#svg-e395\"><\/use><\/svg><svg class=\"u-svg-content\" viewBox=\"0 0 112 112\" x=\"0\" y=\"0\" id=\"svg-e395\"><circle fill=\"currentColor\" cx=\"56.1\" cy=\"56.1\" r=\"55\"><\/circle><path fill=\"#FFFFFF\" d=\"M74.9,33.3H37.3c-7.4,0-13.4,6-13.4,13.4v18.8c0,7.4,6,13.4,13.4,13.4h37.6c7.4,0,13.4-6,13.4-13.4V46.7 C88.3,39.3,82.3,33.3,74.9,33.3L74.9,33.3z M65.9,57l-17.6,8.4c-0.5,0.2-1-0.1-1-0.6V47.5c0-0.5,0.6-0.9,1-0.6l17.6,8.9 C66.4,56,66.4,56.8,65.9,57L65.9,57z\"><\/path><\/svg><\/span>\n          <\/a>\n        <\/div>\n      <\/div>\n    <\/section>\n    \n    \n    \n    \n    \n  \n<\/div>","protected":false},"excerpt":{"rendered":"<p>Restaurant d&rsquo;application LOUIS GARNIER 20 d\u00e9cembre 2023 \/ Actualit\u00e9s, HOTELLERIE \u00ab&nbsp;Le restaurant d\u2019application Louis Garnier a commenc\u00e9 sa nouvelle saison en ce mois de septembre 2025 ! Les \u00e9l\u00e8ves ont \u00e0 c\u0153ur de travailler des ingr\u00e9dients frais s\u00e9lectionn\u00e9s aupr\u00e8s de fournisseurs rigoureux sur la qualit\u00e9 des produits&nbsp;: poissonnier, boucher en direct de l\u2019abattoir, primeurs, fromager, &#8230; <a title=\"Restauration application\" class=\"read-more\" href=\"https:\/\/2025.lycee-nelson-mandela.fr\/?page_id=583\" aria-label=\"En savoir plus sur Restauration application\">Lire la suite<\/a><\/p>\n","protected":false},"author":1,"featured_media":0,"parent":323,"menu_order":0,"comment_status":"closed","ping_status":"closed","template":"","meta":{"_uag_custom_page_level_css":"","footnotes":""},"class_list":["post-583","page","type-page","status-publish"],"uagb_featured_image_src":{"full":false,"thumbnail":false,"medium":false,"medium_large":false,"large":false,"1536x1536":false,"2048x2048":false},"uagb_author_info":{"display_name":"2025Ly_Admin","author_link":"https:\/\/2025.lycee-nelson-mandela.fr\/?author=1"},"uagb_comment_info":0,"uagb_excerpt":"Restaurant d'application LOUIS GARNIER 20 d\u00e9cembre 2023 \/ Actualit\u00e9s, HOTELLERIE \u00ab&nbsp;Le restaurant d\u2019application Louis Garnier a commenc\u00e9 sa nouvelle saison en ce mois de septembre 2025 ! Les \u00e9l\u00e8ves ont \u00e0 c\u0153ur de travailler des ingr\u00e9dients frais s\u00e9lectionn\u00e9s aupr\u00e8s de fournisseurs rigoureux sur la qualit\u00e9 des produits&nbsp;: poissonnier, boucher en direct de l\u2019abattoir, primeurs, fromager,\u2026","jetpack_sharing_enabled":true,"_links":{"self":[{"href":"https:\/\/2025.lycee-nelson-mandela.fr\/index.php?rest_route=\/wp\/v2\/pages\/583","targetHints":{"allow":["GET"]}}],"collection":[{"href":"https:\/\/2025.lycee-nelson-mandela.fr\/index.php?rest_route=\/wp\/v2\/pages"}],"about":[{"href":"https:\/\/2025.lycee-nelson-mandela.fr\/index.php?rest_route=\/wp\/v2\/types\/page"}],"author":[{"embeddable":true,"href":"https:\/\/2025.lycee-nelson-mandela.fr\/index.php?rest_route=\/wp\/v2\/users\/1"}],"replies":[{"embeddable":true,"href":"https:\/\/2025.lycee-nelson-mandela.fr\/index.php?rest_route=%2Fwp%2Fv2%2Fcomments&post=583"}],"version-history":[{"count":7,"href":"https:\/\/2025.lycee-nelson-mandela.fr\/index.php?rest_route=\/wp\/v2\/pages\/583\/revisions"}],"predecessor-version":[{"id":1920,"href":"https:\/\/2025.lycee-nelson-mandela.fr\/index.php?rest_route=\/wp\/v2\/pages\/583\/revisions\/1920"}],"up":[{"embeddable":true,"href":"https:\/\/2025.lycee-nelson-mandela.fr\/index.php?rest_route=\/wp\/v2\/pages\/323"}],"wp:attachment":[{"href":"https:\/\/2025.lycee-nelson-mandela.fr\/index.php?rest_route=%2Fwp%2Fv2%2Fmedia&parent=583"}],"curies":[{"name":"wp","href":"https:\/\/api.w.org\/{rel}","templated":true}]}}